{"id":32148,"date":"2018-12-07T13:21:56","date_gmt":"2018-12-07T12:21:56","guid":{"rendered":"https:\/\/capacitador.es\/project\/taller-objectius-i-motivacio\/"},"modified":"2018-12-07T13:21:57","modified_gmt":"2018-12-07T12:21:57","slug":"taller-objectius-i-motivacio","status":"publish","type":"project","link":"https:\/\/capacitador.es\/ca\/project\/taller-objectius-i-motivacio\/","title":{"rendered":"Taller: Objectius i motivaci\u00f3"},"content":{"rendered":"<p>[et_pb_section fb_built=&#8221;1&#8243; _builder_version=&#8221;3.0.47&#8243;][et_pb_row _builder_version=&#8221;3.0.48&#8243; background_size=&#8221;initial&#8221; background_position=&#8221;top_left&#8221; background_repeat=&#8221;repeat&#8221;][et_pb_column type=&#8221;4_4&#8243; _builder_version=&#8221;3.0.47&#8243; parallax=&#8221;off&#8221; parallax_method=&#8221;on&#8221;][et_pb_text _builder_version=&#8221;3.12.2&#8243;]<\/p>\n<h3><strong>Taller: Objectius i motivaci\u00f3<\/strong><\/h3>\n<p>[\/et_pb_text][et_pb_image src=&#8221;https:\/\/capacitador.es\/wp-content\/uploads\/2018\/07\/16_img.jpg&#8221; _builder_version=&#8221;3.12.2&#8243;][\/et_pb_image][\/et_pb_column][\/et_pb_row][et_pb_row _builder_version=&#8221;3.0.48&#8243; background_size=&#8221;initial&#8221; background_position=&#8221;top_left&#8221; background_repeat=&#8221;repeat&#8221;][et_pb_column type=&#8221;4_4&#8243; _builder_version=&#8221;3.0.47&#8243; parallax=&#8221;off&#8221; parallax_method=&#8221;on&#8221;][et_pb_text _builder_version=&#8221;3.12.2&#8243; background_size=&#8221;initial&#8221; background_position=&#8221;top_left&#8221; background_repeat=&#8221;repeat&#8221;]<\/p>\n<p lang=\"ca-ES\"><strong>Val\u00e8ncia, 27 de setembre de 7 a 9 de la vesprada<\/strong><\/p>\n<p>Com es formulen els objectius per a aconseguir-los?<\/p>\n<ul>\n<li lang=\"ca-ES\">I per a gaudir-los?<\/li>\n<li lang=\"ca-ES\">I per a donar-los import\u00e0ncia?<\/li>\n<li lang=\"ca-ES\">Com funciona la motivaci\u00f3?<\/li>\n<li lang=\"ca-ES\">Quina relaci\u00f3 hi ha entre metes i motivaci\u00f3?<\/li>\n<li lang=\"ca-ES\">Com es connecten els objectius amb la motivaci\u00f3?<\/li>\n<\/ul>\n<p>En aquest taller gratu\u00eft de 2 hores explorarem idees destarotades, pr\u00e0ctiques eficaces, enfocaments \u00fatils que ajudaran als participants a anar m\u00e9s enll\u00e0 en la seua comprensi\u00f3 de com funcionen objectius-motivaci\u00f3, la qual cosa els permetr\u00e0 aconseguir les seues metes m\u00e9s f\u00e0cilment, sentir-se satisfet per a\u00e7\u00f2 i sentir que aconseguir-ho ha valgut la pena.<\/p>\n<p>At\u00e8s que l&#8217;aforament de la sala \u00e9s limitat, es reservar\u00e0 per estricte ordre d&#8217;inscripci\u00f3.<\/p>\n<p>[\/et_pb_text][\/et_pb_column][\/et_pb_row][\/et_pb_section]<\/p>\n","protected":false},"excerpt":{"rendered":"<p>Taller: Objectius i motivaci\u00f3 Val\u00e8ncia, 27 de setembre de 7 a 9 de la vesprada Com es formulen els objectius per a aconseguir-los? I per a gaudir-los? I per a donar-los import\u00e0ncia? Com funciona la motivaci\u00f3? Quina relaci\u00f3 hi ha entre metes i motivaci\u00f3? Com es connecten els objectius amb la motivaci\u00f3? En aquest taller [&hellip;]<\/p>\n","protected":false},"author":1,"featured_media":32149,"comment_status":"closed","ping_status":"closed","template":"","meta":{"_et_pb_use_builder":"on","_et_pb_old_content":"","_et_gb_content_width":"","footnotes":""},"project_category":[],"project_tag":[],"class_list":["post-32148","project","type-project","status-publish","has-post-thumbnail","hentry"],"aioseo_notices":[],"_links":{"self":[{"href":"https:\/\/capacitador.es\/ca\/wp-json\/wp\/v2\/project\/32148","targetHints":{"allow":["GET"]}}],"collection":[{"href":"https:\/\/capacitador.es\/ca\/wp-json\/wp\/v2\/project"}],"about":[{"href":"https:\/\/capacitador.es\/ca\/wp-json\/wp\/v2\/types\/project"}],"author":[{"embeddable":true,"href":"https:\/\/capacitador.es\/ca\/wp-json\/wp\/v2\/users\/1"}],"replies":[{"embeddable":true,"href":"https:\/\/capacitador.es\/ca\/wp-json\/wp\/v2\/comments?post=32148"}],"version-history":[{"count":1,"href":"https:\/\/capacitador.es\/ca\/wp-json\/wp\/v2\/project\/32148\/revisions"}],"predecessor-version":[{"id":32150,"href":"https:\/\/capacitador.es\/ca\/wp-json\/wp\/v2\/project\/32148\/revisions\/32150"}],"wp:featuredmedia":[{"embeddable":true,"href":"https:\/\/capacitador.es\/ca\/wp-json\/wp\/v2\/media\/32149"}],"wp:attachment":[{"href":"https:\/\/capacitador.es\/ca\/wp-json\/wp\/v2\/media?parent=32148"}],"wp:term":[{"taxonomy":"project_category","embeddable":true,"href":"https:\/\/capacitador.es\/ca\/wp-json\/wp\/v2\/project_category?post=32148"},{"taxonomy":"project_tag","embeddable":true,"href":"https:\/\/capacitador.es\/ca\/wp-json\/wp\/v2\/project_tag?post=32148"}],"curies":[{"name":"wp","href":"https:\/\/api.w.org\/{rel}","templated":true}]}}

Taller: Objectius i motivació

<p>[et_pb_section fb_built=&#8221;1&#8243; _builder_version=&#8221;3.0.47&#8243;][et_pb_row _builder_version=&#8221;3.0.48&#8243; background_size=&#8221;initial&#8221; background_position=&#8221;top_left&#8221; background_repeat=&#8221;repeat&#8221;][et_pb_column type=&#8221;4_4&#8243; _builder_version=&#8221;3.0.47&#8243; parallax=&#8221;off&#8221; parallax_method=&#8221;on&#8221;][et_pb_text _builder_version=&#8221;3.12.2&#8243;]</p>
<h3><strong>Taller: Objectius i motivació</strong></h3>
<p>[/et_pb_text][et_pb_image src=&#8221;https://capacitador.es/wp-content/uploads/2018/07/16_img.jpg&#8221; _builder_version=&#8221;3.12.2&#8243;][/et_pb_image][/et_pb_column][/et_pb_row][et_pb_row _builder_version=&#8221;3.0.48&#8243; background_size=&#8221;initial&#8221; background_position=&#8221;top_left&#8221; background_repeat=&#8221;repeat&#8221;][et_pb_column type=&#8221;4_4&#8243; _builder_version=&#8221;3.0.47&#8243; parallax=&#8221;off&#8221; parallax_method=&#8221;on&#8221;][et_pb_text _builder_version=&#8221;3.12.2&#8243; background_size=&#8221;initial&#8221; background_position=&#8221;top_left&#8221; background_repeat=&#8221;repeat&#8221;]</p>
<p lang="ca-ES"><strong>València, 27 de setembre de 7 a 9 de la vesprada</strong></p>
<p>Com es formulen els objectius per a aconseguir-los?</p>
<ul>
<li lang="ca-ES">I per a gaudir-los?</li>
<li lang="ca-ES">I per a donar-los importància?</li>
<li lang="ca-ES">Com funciona la motivació?</li>
<li lang="ca-ES">Quina relació hi ha entre metes i motivació?</li>
<li lang="ca-ES">Com es connecten els objectius amb la motivació?</li>
</ul>
<p>En aquest taller gratuït de 2 hores explorarem idees destarotades, pràctiques eficaces, enfocaments útils que ajudaran als participants a anar més enllà en la seua comprensió de com funcionen objectius-motivació, la qual cosa els permetrà aconseguir les seues metes més fàcilment, sentir-se satisfet per açò i sentir que aconseguir-ho ha valgut la pena.</p>
<p>Atès que l&#8217;aforament de la sala és limitat, es reservarà per estricte ordre d&#8217;inscripció.</p>
<p>[/et_pb_text][/et_pb_column][/et_pb_row][/et_pb_section]</p>

<p>Taller: Objectius i motivació València, 27 de setembre de 7 a 9 de la vesprada Com es formulen els objectius per a aconseguir-los? I per a gaudir-los? I per a donar-los importància? Com funciona la motivació? Quina relació hi ha entre metes i motivació? Com es connecten els objectius amb la motivació? En aquest taller [&hellip;]</p>
